e prime factors of 283132.
2, 70783
What are the prime factors of 21518953?
2971, 7243
What are the prime factors of 2974200?
2, 3, 5, 4957
List the prime factors of 7590805.
5, 23, 149, 443
What are the prime factors of 1250670?
2, 3, 5, 47, 887
List the prime factors of 756227.
756227
List the prime factors of 1214360.
2, 5, 7, 4337
What are the prime factors of 686124?
2, 3, 6353
What are the prime factors of 90866?
2, 45433
List the prime factors of 4149217.
37, 127, 883
What are the prime factors of 2171429?
13, 167033
What are the prime factors of 9394943?
1381, 6803
What are the prime factors of 732706?
2, 13, 28181
List the prime factors of 155107.
109, 1423
List the prime factors of 20088735.
3, 5, 29, 46181
What are the prime factors of 174805?
5, 34961
What are the prime factors of 347810?
2, 5, 34781
List the prime factors of 1273832.
2, 7, 23, 43
What are the prime factors of 145713?
3, 48571
What are the prime factors of 5335724?
2, 23, 59, 983
List the prime factors of 3921565.
5, 784313
What are the prime factors of 343761?
3, 11, 947
What are the prime factors of 635843?
13, 59, 829
List the prime factors of 6680894.
2, 11, 19, 1453
List the prime factors of 784954.
2, 392477
List the prime factors of 1468814.
2, 19, 38653
List the prime factors of 1186153.
31, 83, 461
List the prime factors of 1707936.
2, 3, 17791
What are the prime factors of 8520716?
2, 523, 4073
List the prime factors of 487304.
2, 60913
List the prime factors of 391193.
11, 53, 61
What are the prime factors of 26550245?
5, 5310049
List the prime factors of 5443780.
2, 5, 272189
What are the prime factors of 213446?
2, 19, 41, 137
What are the prime factors of 33097?
23, 1439
List the prime factors of 5611760.
2, 5, 7, 11, 911
List the prime factors of 20466845.
5, 7, 584767
What are the prime factors of 595061?
19, 31319
What are the prime factors of 125508?
2, 3, 10459
What are the prime factors of 1355400?
2, 3, 5, 251
List the prime factors of 432644.
2, 108161
What are the prime factors of 907538?
2, 59, 7691
What are the prime factors of 41728?
2, 163
List the prime factors of 4405236.
2, 3, 11, 23, 1451
What are the prime factors of 2288032?
2, 127, 563
What are the prime factors of 526188?
2, 3, 13, 3373
What are the prime factors of 1066073?
23, 46351
List the prime factors of 11575257.
3, 173, 22303
List the prime factors of 640605.
3, 5, 7, 6101
List the prime factors of 249892.
2, 62473
What are the prime factors of 1244864?
2, 53, 367
List the prime factors of 4598306.
2, 509, 4517
List the prime factors of 2639520.
2, 3, 5, 13, 47
What are the prime factors of 25532041?
181, 141061
What are the prime factors of 1081626?
2, 3, 7, 13, 283
What are the prime factors of 12359059?
2081, 5939
What are the prime factors of 881110?
2, 5, 17, 71, 73
List the prime factors of 89885.
5, 17977
List the prime factors of 1407460.
2, 5, 70373
What are the prime factors of 31855?
5, 23, 277
What are the prime factors of 2268885?
3, 5, 19, 419
List the prime factors of 3061719.
3, 37799
What are the prime factors of 25853427?
3, 1091, 2633
What are the prime factors of 8453947?
17, 497291
List the prime factors of 35511618.
2, 3, 5918603
List the prime factors of 451312.
2, 67, 421
List the prime factors of 827200.
2, 5, 11, 47
What are the prime factors of 11693496?
2, 3, 29, 53, 317
What are the prime factors of 8430229?
1103, 7643
List the prime factors of 55949.
55949
List the prime factors of 759608.
2, 94951
List the prime factors of 208750.
2, 5, 167
List the prime factors of 493202.
2, 19, 12979
What are the prime factors of 3314838?
2, 3, 552473
What are the prime factors of 114110?
2, 5, 11411
List the prime factors of 14839234.
2, 991, 7487
List the prime factors of 16077685.
5, 13, 31, 79, 101
List the prime factors of 2848512.
2, 3, 3709
List the prime factors of 190319.
83, 2293
List the prime factors of 22319453.
13, 17, 23, 4391
What are the prime factors of 9128619?
3, 251, 449
What are the prime factors of 1111112?
2, 138889
List the prime factors of 318411.
3, 3931
List the prime factors of 571567.
47, 12161
What are the prime factors of 3717027?
3, 19, 21737
List the prime factors of 1038286.
2, 229, 2267
What are the prime factors of 11132680?
2, 5, 13, 79, 271
What are the prime factors of 16785?
3, 5, 373
List the prime factors of 279817.
279817
What are the prime factors of 6405485?
5, 1281097
List the prime factors of 4322522.
2, 17, 127133
What are the prime factors of 277517?
97, 2861
What are the prime factors of 364044?
2, 3, 23, 1319
List the prime factors of 25118.
2, 19, 661
What are the prime factors of 513857?
317, 1621
List the prime factors of 257553.
3, 9539
List the prime factors of 1919408.
2, 119963
What are the prime factors of 501747?
3, 167249
What are the prime factors of 23105577?
3, 11, 19, 43, 857
List the prime factors of 1343866.
2, 671933
List the prime factors of 2154927.
3, 53, 13553
What are the prime factors of 195866?
2, 11, 29, 307
List the prime factors of 166953.
3, 19, 29, 101
What are the prime factors of 1677251?
1677251
List the prime factors of 388628.
2, 97157
What are the prime factors of 53558?
2, 61, 439
What are the prime factors of 1167855?
3, 5, 13, 53, 113
List the prime factors of 397520.
2, 5, 4969
What are the prime factors of 3187359?
3, 7, 50593
What are the prime factors of 955619?
7, 211, 647
What are the prime factors of 4488549?
3, 13, 71, 1621
What are the prime factors of 60815?
5, 12163
List the prime factors of 14785449.
3, 7, 704069
List the prime factors of 41287550.
2, 5, 103, 8017
List the prime factors of 116776.
2, 11, 1327
List the prime factors of 698698.
2, 7, 11, 13, 349
What are the prime factors of 1836553?
1836553
List the prime factors of 702045.
3, 5, 15601
What are the prime factors of 4823968?
2, 127, 1187
List the prime factors of 440161.
179, 2459
List the prime factors of 54683.
149, 367
What are the prime factors of 2010258?
2, 3, 12409
List the prime factors of 7175423.
163, 44021
What are the prime factors of 445029?
3, 13, 11411
List the prime factors of 12472383.
3, 7, 11, 53993
List the prime factors of 7449338.
2, 13, 286513
What are the prime factors of 1521966?
2, 3, 253661
What are the prime factors of 1219930?
2, 5, 121993
List the prime factors of 14710.
2, 5, 1471
List the prime factors of 104948.
2, 26237
What are the prime factors of 15969754?
2, 47, 169891
List the prime factors of 9535823.
11, 23, 37691
List the prime factors of 521917.
11, 17, 2791
What are the prime factors of 2088625?
5, 7, 11, 31
List the prime factors of 1350209.
7, 192887
List the prime factors of 485181.
3, 31, 37, 47
What are the prime factors of 420367?
420367
List the prime factors of 1648101.
3, 7, 13, 6037
List the prime factors of 814193.
814193
List the prime factors of 169295.
5, 7, 691
List the prime factors of 94732.
2, 11, 2153
List the prime factors of 413777.
7, 13, 4547
List the prime factors of 374270.
2, 5, 13, 2879
What are the prime factors of 3439737?
3, 7, 71, 769
List the prime factors of 362864.
2, 22679
List the prime factors of 645474.
2, 3, 179, 601
List the prime factors of 11271747.
3, 71, 52919
List the prime factors of 25510451.
67, 380753
List the prime factors of 7384911.
3, 2461637
What are the prime factors of 5135752?
2, 641969
List the prime factors of 21001107.
3, 2113, 3313
List the prime factors of 9500331.
3, 17, 109, 1709
What are the prime factors of 56005?
5, 23, 487
List the prime factors of 497711.
497711
What are the prime factors of 10306314?
2, 3, 572573
List the prime factors of 24691.
24691
List the prime factors of 267607.
41, 61, 107
What are the prime factors of 11710786?
2, 5855393
What are the prime factors of 4812051?
3, 1604017
List the prime factors of 241506.
2, 3, 13417
List the prime factors of 727340.
2, 5, 41, 887
List the prime factors of 3691582.
2, 1845791
What are the prime factors of 2571177?
3, 7, 17491
What are the prime factors of 16516033?
337, 49009
What are the prime factors of 1085981?
13, 83537
List the prime factors of 1312563.
3, 7, 8929
What are the prime factors of 155699?
155699
List the prime factors of 230746.
2, 113, 1021
List the prime factors of 12778287.
3, 277, 15377
What are 